0)/3) is divided by a?
47
Let z = 181 + -132. Suppose 5*s - z = -5*l + 51, -2*l = 3*s - 60. Calculate the remainder when 437 is divided by s.
17
Suppose 3*x - 929 = -2*f, 18 - 14 = -2*f. Calculate the remainder when x is divided by 37.
15
What is the remainder when 189 is divided by (-2)/3*-97 - (-44)/(-66)?
61
Let a(n) = -4*n + 5. Let j be a(12). Let h = 69 + j. Suppose 15*k - 708 = 417. Calculate the remainder when k is divided by h.
23
Suppose 5*x + 43 = 6*z - 4*z, 4*z - 2*x = 126. Suppose -3*f - 5*m = -78, -f - m + 5 = -19. Calculate the remainder when z is divided by f.
13
Let s be 1064/24 - 14/(-21). Let r = s - 26. What is the remainder when 127 is divided by r?
13
Let o(j) = j**2 - 22*j + 20. Let p be o(22). Suppose 4*y - 36 = p. Calculate the remainder when y is divided by 3.
2
Let u = 20112 - 19866. Calculate the remainder when u is divided by 71.
33
Let i(m) = 29*m**3 + 23 - 3*m - 28*m**3 - 18*m**2 - 2*m + 4*m. Let q be i(18). Suppose q*o = -2*o + 42. What is the remainder when o is divided by 5?
1
Let m = 5705 - 5688. Calculate the remainder when 68 is divided by m.
0
What is the remainder when (-8 - -472) + (-7 - 5)*(-1)/(-2) is divided by 52?
42
Let r = -80 - -83. Let u(l) = 17*l**2 + 2*l + 3. What is the remainder when u(r) is divided by 41?
39
Suppose -58*o + 2367 = -69. Suppose g - 4*j - 189 = 0, -3*g - 3*j - 2*j = -652. Calculate the remainder when g is divided by o.
41
What is the remainder when 277 is divided by 2*(((-7416)/(-16))/9 - 7)?
10
Suppose a = 3*n - 7*n + 17, 2*a + n = 13. Suppose 5*b = 3*p - 8, -a*p - 5*b + 40 = -0. What is the remainder when (-4)/(-10) - 6929/(-65) is divided by p?
5
Let q(k) = k**2 - 120*k - 1127. Calculate the remainder when 3805 is divided by q(-10).
172
Let j(h) be the third derivative of h**6/120 - 7*h**5/20 + 11*h**4/12 - 14*h**3/3 - 28*h**2. Calculate the remainder when 6/15 + 336/10 is divided by j(20).
10
Suppose 19*o - 974 = -647 + 1953. Calculate the remainder when 461 is divided by o.
101
Let x = 772 - 707. Let o = 114 - x. What is the remainder when 148 is divided by o?
1
Suppose -66*s = -706 - 878. What is the remainder when 242 is divided by s?
2
Let u = -7324 + 7379. Let b(j) = 11*j**2 - 6*j. What is the remainder when b(4) is divided by u?
42
Suppose 9*d - 1399 = -3*q + 5*d, -2390 = -5*q + 5*d. Calculate the remainder when q is divided by 36.
5
Let l(d) = -d**3 + 7*d**2 + 13*d - 9. Let o be l(6). Suppose -5*p + 0*p + o = 0. Let r = -118 - -198. What is the remainder when r is divided by p?
17
Let q be (-447298)/(-3634) - (-1 + 50/46). Suppose 145*c = q*c + 330. Let t = 64 + -21. Calculate the remainder when t is divided by c.
13
Suppose 0 = -14*w - 552 + 272. Calculate the remainder when 315 is divided by w/35 - 1836/(-28).
55
Suppose -18 = -4*t - 6. Suppose 0*w = t*w - 648. Let y = 270 - 239. Calculate the remainder when w is divided by y.
30
Suppose -16*x = 57 - 201. Suppose x*y + 380 = 14*y. Suppose 3*d + 5*a - 127 = 0, -3*d + 64 + 49 = -2*a. What is the remainder when y is divided by d?
37
Let w(m) = m + 5. Let p be w(-1). Suppose p*t - 32 = -4*x + 16, -2*t + 29 = -3*x. Calculate the remainder when 232 is divided by t.
11
Suppose -3*h - 4*c = -165, h + 9*c - 14*c - 55 = 0. Calculate the remainder when 216 is divided by h.
51
Suppose -26*b = -1762 + 1320. Calculate the remainder when 3024 is divided by b.
15
Suppose 3*y = -r + 219, -9*y = 4*r - 7*y - 896. Suppose 5*w - r = -5*g + w, w = 5. What is the remainder when 121 is divided by g?
39
Let t = 96 + -111. Suppose 0 = o + 3*o - 444. Calculate the remainder when o is divided by (-222)/(-8) + t/(-60).
27
Calculate the remainder when 5100 is divided by (-2)/(-4) - (-950040)/560.
9
Let o = -882 - -884. Let f be (-4)/(2/(-3) + 0). Suppose -f = 3*n + 3*s, 5*s + 4 + 15 = -o*n. Calculate the remainder when 9 is divided by n.
0
Let y(i) = -2*i**2 + 17*i - 16. Let b be y(8). What is the remainder when 477 is divided by b/(-44) - 3066/(-77)?
37
Let b(w) = 7*w**2 + 29*w - 25. What is the remainder when b(-9) is divided by 148?
133
What is the remainder when 7417 is divided by (1/2 - (-9)/(-6))*-79?
70
Suppose -5 = 2*d + o, 4*d = -d - 4*o - 8. Calculate the remainder when ((-8484)/45)/d - (-4)/(-30) is divided by ((-14)/3)/(-1 - (-4)/12).
5
Let o(p) = -7*p**3 - 8*p**2 - 13*p - 70. Suppose 17 - 1 = u. Calculate the remainder when o(-4) is divided by u.
14
Let a(k) = 3*k + 64. Let q be a(-18). Let t(l) = l**3 - 9*l**2 - 15*l + 84. What is the remainder when (1 + 0 + -2)*-132 is divided by t(q)?
30
Suppose 5*g = -4*l + 476, -5*l + 5*g + 436 = -l. What is the remainder when 2367 is divided by l?
87
Suppose 7*z = 72*z - 368095. What is the remainder when z is divided by 103?
101
Let u = -13466 + 13773. Calculate the remainder when u is divided by 39.
34
Let r(t) = -3*t - 4. Let a(d) = 5*d + 7. Let c(g) = -4*a(g) - 7*r(g). Let y = 46 - 29. What is the remainder when 49 is divided by c(y)?
15
Suppose 12 + 32 = 4*o. Suppose -246 = 5*q - o*q. Calculate the remainder when q is divided by 15.
11
Let q(u) = u**3 + 8*u**2 - 9*u + 6. Let d be q(-9). Let j be 14/d + 2*4/(-24). Suppose -j*l - 2*l = -84. What is the remainder when l is divided by 6?
3
Suppose -4*d + 8 = -2*d, 0 = -3*r - 4*d + 88. Suppose 4*s - 5*s + 65 = 2*b, 10 = 2*s. Let z = b - r. Calculate the remainder when 16 is divided by z.
4
Calculate the remainder when -4081*2/(-2) + 13 + (-13 - 8) is divided by 21.
20
Suppose 308 = 5*y + 10*h + 58, -270 = -5*y - 5*h. Calculate the remainder when y is divided by (-8)/1*9/(-6).
10
Let s(i) = 410*i**2 - 2*i - 8*i + 4*i - 48 - 407*i**2 - 3*i. Calculate the remainder when s(10) is divided by 5.
2
Calculate the remainder when (190/50 + -1 + -2)*105 is divided by 70.
14
Suppose -11*x + 99 + 160 = 17. Suppose -253 = -8*v - 45. Calculate the remainder when v is divided by x.
4
Let d = 791 - 789. Suppose 3*x - 26 = d*x + 5*l, 3*l = -5*x + 74. What is the remainder when 133 is divided by x?
5
Let n = -5 + 8. Let j(f) = -17 + 5*f + 75 - 22 - 19 + 13*f**2 - 15. Calculate the remainder when j(n) is divided by 45.
44
Suppose 178*q - 70348 = 135*q. What is the remainder when q is divided by 13?
11
Let w = -505 + 508. What is the remainder when 91 is divided by (-1350)/100*(-1 + (-1)/w)?
1
Let z(s) = 38*s - 22 - 69*s**2 + 36*s**2 + 35*s**2. Calculate the remainder when 358 is divided by z(-20).
16
Suppose -18*x + 2*x + 5904 = 0. Suppose x = -10*l + 3129. What is the remainder when l is divided by 35?
31
What is the remainder when 254 is divided by (930/75 - 12)*240?
62
Let f = 5874 - 1285. What is the remainder when f is divided by 82?
79
Let m = 127 + 45. Suppose 0 = 18*s - 20*s + m. What is the remainder when s is divided by 27?
5
Calculate the remainder when 241 is divided by ((-5952)/(-1116))/(8/294).
45
Suppose -2*m - 6 = 2*r, 4*m - 2*r = 2*r - 52. Calculate the remainder when 48 is divided by m/2 - (-10 + 1).
3
Suppose -15*k + 12*k + 41 = -2*t, 0 = 4*k + 4*t - 68. Calculate the remainder when 907 is divided by k.
7
Let n(f) = 7*f**2 - 76*f + 141. Calculate the remainder when 8649 is divided by n(2).
13
Suppose 11*s - 1351 - 486 = 0. Suppose -23*i = -29*i + 168. Calculate the remainder when s is divided by i.
27
Let g(j) be the third derivative of 5*j**5/12 - 11*j**4/24 + 2*j**3 + 83*j**2. What is the remainder when 95 is divided by g(1)?
17
Suppose -v = -2*h + 4*v + 165, -5*h = -5*v - 420. Suppose 460 = 4*k + 620. What is the remainder when h is divided by (k/10)/(1/(-11))?
41
Let x be (9/2)/(66/(-176)). Let s be (-190)/x + (-7)/(-42). What is the remainder when (-68)/s + 4 + (-186)/(-8) is divided by 13?
10
Let s be (-3 - -1) + (11 - 6). Suppose -t - 5*j = 10, -3*j = -s*t - 0*j + 24. Suppose -g - t = -49. What is the remainder when g is divided by 16?
12
Let u = -48 + 71. Suppose -u = -2*c - 3. Let v(k) = k**3 - 3*k**2 - 7*k + 7. Calculate the remainder when v(5) is divided by c.
2
Let v(i) = 2*i - 3*i + 11 - 2. Let l = -4279 - -4292. What is the remainder when l is divided by v(5)?
1
Suppose 1873 = 103*j + 328. Calculate the remainder when 681 is divided by j.
6
Let j(b) = 2*b**3 - b**2 + 7*b + 7. Let t be j(-1). What is the remainder when 11 is divided by 9*(8 + t + -4)?
2
Let a(i) = i**3 + 26*i**2 - 104*i + 224. Calculate the remainder when 359